2 - 8*k + 7. Let j be v(2). Calculate s(j).
-6
Let b = 76 + -52. Let z(i) = -14*i - b*i + 23*i + 1. Give z(-1).
16
Suppose 1 = d - s, -3*s = d - 5*d + 7. Let h(g) = 2*g - 1. Let n(i) = 2 + 1 - 6 + 4. Let x(c) = -h(c) + 5*n(c). What is x(d)?
-2
Let i(m) = 22*m + 2. Let s(p) = -p**3 + 18*p**2 + 38*p + 38. Let u be s(20). Calculate i(u).
-42
Let y(u) be the second derivative of -u**5/20 + u**4/6 + u**3 - 3*u**2 - 85*u. Calculate y(4).
-14
Let h(i) = -3*i + 4. Let j be (14/(-4) - 1)*(-24)/36. Give h(j).
-5
Let a(r) = r**2 - 12*r + 15. Let p be a(10). Let w = p + 7. Let y(s) = -3 + 4*s - w*s + s + s. Determine y(3).
9
Let p(f) = -f**2 - 14*f + 8. Let s be p(-14). Let q(g) = 18*g - 3*g - s*g. What is q(2)?
14
Let z(y) = y**3 + 7*y**2 + 2*y + 20. Let f be z(-7). Let c(i) = i + 1. Determine c(f).
7
Let n(g) = -g**3 + 7*g + 5*g**2 + 1559 - 784 - 778. Calculate n(7).
-52
Let d(l) be the first derivative of 2*l + l**2 - 4/3*l**3 + 1/4*l**4 - 8. Determine d(4).
10
Let o(w) = w**2 + w - 4. Suppose -3*k + p = 11, 4*k = p + 18 - 33. Calculate o(k).
8
Let n be ((-42)/147)/(2/(-14)). Let j be 2/(-7) - (-115)/35. Let v(d) = -d**j + d - 2*d + 3*d**2 - 1 + 0*d**2. Give v(n).
1
Let z(s) be the third derivative of s**4/2 + s**3/6 - 68*s**2. Let w(u) = -u - 2. Let h be w(-7). Let g(y) = 13*y + 1. Let c(q) = h*g(q) - 4*z(q). Give c(-1).
-16
Let a be 5 + (56/(-7) - -5). Let y(n) = -5*n**2 + 3. Determine y(a).
-17
Let f(h) = h**2 + h - 1. Let z be (1 - 0)*-3*80/(-15). Suppose 0 = 11*g - 7*g + z. Determine f(g).
11
Suppose 8*g - 3*g - 5*f - 10 = 0, g = 2*f - 1. Let k(c) = 5*c - 20. Let z be k(g). Let r(a) = -a**3 + 5*a**2 + a + 1. What is r(z)?
6
Let w(i) = -7 - i**3 - 16*i**2 + 12*i**2 + 2*i + 8. What is w(-4)?
-7
Let j(k) = -2 - 147*k - 4*k**2 - 1 + 149*k + 4. Determine j(-2).
-19
Let v be (8/12)/(10/(-15)). Let c(h) = -2*h**3 + h**2 + h - 1. Let j be c(v). Let g(m) = -19*m**2 - m + 1. Determine g(j).
-19
Let u(a) = 7*a**2 + 2*a - 16. Let k(m) = m**2 - m - 3. Let f(v) = -6*k(v) + u(v). What is f(-7)?
-5
Suppose 0 = -5*f - 5, 3*i + 4*f = 2 - 21. Suppose -5*u + 8 = -u. Let n(o) = -3*o - o**2 - o**3 - 27 - 5*o**u + 32. Determine n(i).
-5
Let o be 2/7 + (-36)/(-21). Let k(c) = c**3 - c**3 + c**3 + o*c**2. Suppose -22 - 26 = 24*t. What is k(t)?
0
Let h(u) be the third derivative of u**6/120 + u**5/20 - u**4/8 - u**3/2 + u**2 - 24. What is h(-4)?
-7
Let b = 176 + -179. Let m(x) = -x**2 - 2*x + 3. Give m(b).
0
Suppose 0*h - 21 = 3*h. Let y(b) be the second derivative of -b**5/20 - b**4/2 + 3*b**3/2 + 4*b**2 + b. What is y(h)?
-6
Suppose 2*g + 36 = 4*g. Let m = 18 - g. Let d(c) be the first derivative of c**2/2 + 2*c + 1. What is d(m)?
2
Suppose 0 = -v + 6 - 10. Let n(t) = -t + 13. Give n(v).
17
Let f = -269 + 262. Let r(t) = -t**3 - 6*t**2 + 7*t - 4. Determine r(f).
-4
Let y(g) = -12*g - 12. Suppose 4*k + 0 - 42 = 6*m, 19 = -5*m - 2*k. Calculate y(m).
48
Let n(s) = 11*s**3 + 12*s**2 - 15*s - 5. Let j(m) = 3*m**3 - m. Let g(t) = -4*j(t) + n(t). Determine g(11).
-5
Suppose 2*t - 7*t - 10 = 0. Let g(q) = -2 + 4 - 139*q + 69*q - 1 + 63*q. Give g(t).
15
Let u(t) = t + 2. Suppose 126 = 25*c - 4*c. Give u(c).
8
Let y be (24/16)/(1/(-2)) - -17. Let m(u) = -2*u - 6. What is m(y)?
-34
Let v(g) = -g**3 + 20*g - 12 + 16*g - 9 - 8*g**2 + 20*g - 48*g. Calculate v(-9).
-12
Suppose -4*t = 3*q, 0 = -2*t - 3*t - 5*q. Let m(c) be the second derivative of t*c**2 + 7*c + 1/2*c**3 + 0. Give m(3).
9
Let r = 557 + -563. Let b(q) = 4*q**2 + 0*q - 4*q**2 + 5*q + q**2 - 4. What is b(r)?
2
Let m(v) = v**2 + 10. Let x be m(0). Suppose 12 = x*k - 4*k. Let j(n) = k*n**3 + 0 + 2*n**2 - 1 + 25*n - 26*n. Calculate j(-2).
-7
Let o(q) = -q - 11. Let s(n) = -12*n**2 + 4*n + 3. Let a be s(-1). Determine o(a).
2
Let m = -2 - -3. Let x be 2/((-2)/(m - 5)). Let v(l) = -4 + 5 + 27*l**2 - x*l - 26*l**2. What is v(3)?
-2
Let b(t) = -3*t**2 - t. Let s(g) = 17*g**2 + 3*g - 9. Let j(u) = -6*b(u) - s(u). Calculate j(-6).
27
Let r(s) = -9*s**3 - s**2 + 2*s - 1. Let h = -2 + 16. Suppose 2*x = -h + 16. Give r(x).
-9
Let n(q) = 4*q**2 + 32*q + 48. Let t(l) = l**2 + 6*l + 9. Let g(p) = 2*n(p) - 11*t(p). What is g(-2)?
-11
Let k = 2227/2 - 1112. Let f(d) be the first derivative of 0*d - k*d**2 - 1. What is f(2)?
-6
Let d(l) = -l + 3. Let f(u) = -5*u + 11. Let j(o) = 4*d(o) - f(o). Give j(10).
11
Let b(d) = 4*d**2 + 6*d + 12. Let h be b(8). Let g(j) = -2*j**2 - 315*j**3 - 2*j**2 + h*j**3 - 3 - 4*j. Let n(z) = 6*z**2 - z. Let f be n(1). Determine g(f).
2
Let h(a) be the second derivative of a**4/12 - a**3/3 + a**2 - 85*a. Give h(2).
2
Let w(f) = f**2 + 2*f. Let v be w(-2). Suppose v = -5*x + 4*x + 3. Let s(z) = -2 + x + z**2 - 2 - 7*z. What is s(6)?
-7
Suppose 8 = -3*l - 19. Let n(y) = y**2 + 13*y + 22. Calculate n(l).
-14
Let b(f) = -f**3 - 4*f**2 + 5*f + 4. Suppose 3*p = -0*p - 12. Calculate b(p).
-16
Let f(n) be the second derivative of n**5/20 - 5*n**4/12 + 2*n**3/3 + 3*n**2/2 + 5*n - 3. Determine f(5).
23
Let q(y) = -y**3 - 3*y**2 - 3. Let j be (-68)/(-5)*(-15)/(-6). Suppose d = -4*d + 150. Let a = d - j. Determine q(a).
13
Let r(i) = 18*i**2 - i - 49*i**2 + 2*i. Determine r(-1).
-32
Let h(r) = -6*r**3 - 4*r**2 - 2*r. Suppose 49 - 83 = 17*i. What is h(i)?
36
Let l(v) = 6*v**3 - v - 1. Let q = -49 - -48. Calculate l(q).
-6
Let c be (-10 - (-540)/48)*(2 - -2). Let r(m) = m**3 - 4*m**2 - 6. What is r(c)?
19
Suppose -32*i - 12 = -34*i. Let g be 1 + -2 - i/(-6). Let u(b) = -5*b**2 - 4*b + 4. Let t(r) = 6*r**2 + 5*r - 5. Let k(l) = 4*t(l) + 5*u(l). Calculate k(g).
0
Let h(q) = -q**3 + 27*q**2 + q - 30. Let w = 1006 - 979. What is h(w)?
-3
Let m be (-8)/(-6) + (-448)/12. Let i be (80/(-48))/(10/m). Let s(y) be the first derivative of -y**4/4 + 5*y**3/3 + 3*y**2 - 8*y + 1. Calculate s(i).
-8
Suppose r - 30 = 5*x, 5*x + 29*r = 25*r - 5. Let h(f) = 3*f. Calculate h(x).
-15
Let l(g) = 16*g - 12*g + 10 - 5*g. Let i(x) be the second derivative of 3*x**5/10 - x**4/6 + x**3/6 + 4*x. Let b be i(1). What is l(b)?
5
Let c(i) = -i + 2. Let k be c(1). Let s be 1 - (15/k)/(-5). Let u(x) = x - 3. Calculate u(s).
1
Let u(l) = 1 - 5*l + 6*l + 0*l**2 + l**2. Let g(v) = -v**2 - 19*v - 3. Let n be g(-19). Give u(n).
7
Let n = 16 - 7. Let w(f) = -f**3 - f**2 + f + 1. Let u(q) = 5*q**3 + 16*q**2 - 14*q - 17. Let d(h) = -u(h) - 6*w(h). What is d(n)?
2
Let r(y) be the second derivative of y**6/360 - y**5/120 + y**4/6 - y. Let b(z) be the third derivative of r(z). Suppose 1919*m + 3 = 1916*m. Determine b(m).
-3
Let v(s) = -6*s - 89*s**2 - 17 + 88*s**2 + 9. Let m(k) = k. Let f be m(-6). Determine v(f).
-8
Let r(n) = -9*n - 2. Suppose 0 = 3*t + 2*o - 7 - 7, 8 = -4*t + 4*o. Determine r(t).
-20
Let x(a) be the second derivative of -a**6/360 - a**5/12 + 13*a**4/12 - 28*a. Let u(i) be the third derivative of x(i). Calculate u(-7).
4
Suppose 0 = 12*i - 5*i - 126. Let l(v) = -17*v**2 + 8*v - v + i*v**2 + 4. Calculate l(-7).
4
Suppose 39 = -9*c - 6. Let u(g) = -g**2 - 6*g - 10. Determine u(c).
-5
Let h(u) = -u + 60 + 65 - 190 - u**2 + 45 + 44. Determine h(5).
-6
Suppose -8 = 2*q + 10*x - 14*x, q - 4*x = -12. Let l be (2/4)/((-1)/(-30)). Let m(i) = 2*i + q*i**2 + l + 16 - 32. Determine m(-2).
11
Suppose -107*d + 207 + 281 - 60 = 0. Let a(q) be the first derivative of 3*q**2 - 2*q - 1. Determine a(d).
22
Suppose -6 = -11*d + 9*d + 4*w, w = d - 2. Let v = -15 - -27. Let o(y) = 2*y + 0*y**3 - y + v*y**3. Give o(d).
13
Let x(y) = -5 + 2 + 3*y + 2. Let c = 5314 + -5307. Determine x(c).
20
Let o(l) = l**2 + 2*l + 2. Let h(x) = -2*x**2 + 14*x - 14. Let j be h(6). What is o(j)?
2
Suppose -42*o = -47*o + 125. Let i(w) = w - 25. What is i(o)?
0
Suppose 5*g - 3*r = g - 198, -3*r = g + 57. Let u = 55 + g. Let z(d) = d**2 - 6*d + 5. Calculate z(u).
-3
Let j = -13 + 19. Let i(a) = j*a - 11*a - 4 + 8*a + 0*a. Calculate i(3).
5
Let p(d) = d**3 + 10*d**2 + 3*d + 25. Suppose 138*y - 300 = 168*y. Determine p(y).
-5
Suppose -f + 4 - 1 = 2*o, -3*o - 3 = -f. Let y(k) be the first derivative of -2*k + f*k**2 - 3*k**2 - 4 + 0 + k**2. Calculate y(2).
2
Let o(h) be the third derivative of 23*h**6/120 - h**4/24 + 104*h**2. Give o(-1).
-22
Suppose -41*s + 56*s + 60 = 0. Let m(k) = 1 - 1 + 4*k. Calculate m(s).
-16
Let x = 14 + -5. Let a = x + -4. Let s = a + -7. Let q(j) = -j. Determine q(